6*i**2 + 6*i + 7. Let s(d) = 2*d**3 - 6*d**2 - 7*d - 7. Suppose v = 5*v + 8. Let b(j) = v*s(j) - 3*f(j). What are the prime factors of b(-6)?
17
Suppose 20 = 3*l - l. List the prime factors of (-4)/l + (-51)/(-15).
3
Let y = 319 + 1. What are the prime factors of y?
2, 5
Let i be -20 + (12/3 - 8). Let w = i + 54. What are the prime factors of w?
2, 3, 5
Suppose 0 = 3*i - 2 - 7. Suppose -3*n - 6*u = -2*u - 43, -3*n + 15 = -i*u. What are the prime factors of n?
3
Suppose 2*u - u = 1. Suppose 0 = 3*r + 6, 1 = -2*x - 3*r - u. List the prime factors of x.
2
Let n(y) = y**3 - 11*y**2 + 3*y - 1. Let l(z) = 3*z**3 - 32*z**2 + 9*z - 3. Let i(k) = 6*l(k) - 17*n(k). List the prime factors of i(5).
2, 7
Let g(p) = -3*p**2 + p + 2*p + 2*p**2 + 2. Let r be g(3). List the prime factors of r/1 - 0/1.
2
Suppose 3*q + 0*q = -4*p + 530, 180 = q + 2*p. What are the prime factors of q?
2, 5, 17
What are the prime factors of (3 + 34/(-8))*-2*16?
2, 5
Let q(g) = -g**2 + 4*g - 2. Let s be q(3). Let o be s - 1*(2 - 4). Let c = o - 0. What are the prime factors of c?
3
Let i(g) = 3*g**3 - 4*g**2 + 3*g - 2. Let d be i(2). Suppose p = -2*p + d. Suppose 6*n - p*n = 20. What are the prime factors of n?
2, 5
Suppose -4*v - q + 4 = 0, -3*q - 14 = -2. Suppose -3*x + 3 = -v*x. What are the prime factors of 7 - (-1 + -4 + x)?
3
Let x be 65/5 - (1 + -1). Let c = x + -7. Suppose -d - 4*s = 0, 15 = 4*d - 5*s - c. List the prime factors of d.
2
Let z(g) = -g**2 - 8*g - 9. Let o be z(-6). Suppose -4*u = -5*l - 16, 4*u = -l + 13 + 3. Suppose o = -n, 5*r + 3*n - 52 = u. List the prime factors of r.
13
Let j be (8/10)/((-4)/(-390)). What are the prime factors of (-85)/(-34)*j/5?
3, 13
Suppose -4*w = -3*a + 104, 0*a = 5*a - 2*w - 164. List the prime factors of a.
2
Suppose 5*t + 1 = -b + 13, 3*b + 2*t - 10 = 0. Let s be b/(-2)*1*-2. Suppose -4*l + 5*j + 39 = 0, s*l + j - 26 = -3*j. What are the prime factors of l?
11
Let s be 1 - 1/(-2 + 3). Let l(t) = -3*t**3 + 2*t**2 - 1. Let p be l(-1). List the prime factors of -12*p/(-6) + s.
2
Let s(w) be the third derivative of -w**6/120 + w**5/15 + 2*w**3/3 - w**2. Let l(x) = 2*x - 2. Let z be l(3). What are the prime factors of s(z)?
2
Let y = 350 + -142. What are the prime factors of y?
2, 13
Suppose 0 = 3*t - 0*t - 15. Suppose t*n = 8 + 12. List the prime factors of n.
2
Suppose -23 = -5*t - 4*h, -4*t - 5*h + 0*h = -22. Suppose -2*o + 3 + t = 0. List the prime factors of o.
3
Let q = 19 - 2. Let t(v) = -v + 7. Let f be t(4). Suppose -f*m + 4 = -q. What are the prime factors of m?
7
Suppose -3*n + 0*n - 3 = 0. Let i be (n/(-1))/(-1)*0. List the prime factors of 0 + 1 + (i - -2).
3
Let p = -40 + 77. What are the prime factors of p?
37
Suppose 4 = -7*x + 6*x. List the prime factors of -4 + (31 - (x + 4)).
3
Let j(p) = p**3 + 9*p**2 - 13*p - 13. Let x be j(-10). Suppose h + 1 = x. Let c = -4 + h. List the prime factors of c.
2, 3
Let s(u) = 10*u**2 - 3*u + 14. What are the prime factors of s(5)?
3, 83
List the prime factors of (0 + -12)/((-11)/4 - -2).
2
Suppose -2*v - 3*w + 189 = -8*w, -4*v + 5*w + 363 = 0. Suppose v = 5*i - 53. List the prime factors of i.
2, 7
Let r(i) = 2*i**2 + 4*i + 1. Let n be r(-4). Suppose 5*b + 5*d - 73 - n = 0, -5*d = 3*b - 54. What are the prime factors of b?
2, 3
Let p(j) = 5*j**2 + j**3 + 0*j**3 + 4 + 0*j**3. Suppose -3*y = 3, 3*v + 6*y = 4*y - 17. What are the prime factors of p(v)?
2
Let w(b) = 35*b**2 - 3*b - 10. What are the prime factors of w(-3)?
2, 157
Let l be (-8)/(-6)*(3 - 0). Suppose 2*k + l = 10. What are the prime factors of k?
3
Suppose -2*y = -p + 1, p + y + 8 = 3*p. Let n = p + -12. Let a = 12 + n. List the prime factors of a.
5
Let w be ((-1)/2)/((-5)/(-60)). Let k(x) = x**2 + 3*x - 7. List the prime factors of k(w).
11
List the prime factors of ((-5)/2)/(5/(-110)).
5, 11
Let l = 6 + -84. Let i(r) = -r**2 + 6*r + 5. Let k be i(7). List the prime factors of l/(-12) - k/4.
7
Suppose 0 = 12*r - 1829 + 353. What are the prime factors of r?
3, 41
Suppose 78 = 2*j + 10. What are the prime factors of j?
2, 17
Let w = -42 + 63. Let r = 3 + w. Suppose -r + 5 = -j. What are the prime factors of j?
19
Suppose 0*t - t + 4*r = -68, -171 = -3*t + r. Let x = t - 24. List the prime factors of x.
2
Let y(g) = -g**2 + 14*g - 26. Let o be y(11). Let l(d) = 5*d**2 - 2*d + 1. Let z be l(1). Let t = o + z. What are the prime factors of t?
11
Suppose j - 3*j = -2*h, -5*h = 4*j. Suppose 0 = -5*n + 2*c + 33, -n + 3*c = -4 - h. What are the prime factors of n?
7
Suppose -3*f - 6 = 2*h - 85, 150 = 5*h - 2*f. What are the prime factors of h?
2
What are the prime factors of (2/6)/((-2)/(-12))?
2
Let q(p) = 2*p**3 + 10*p**2 + 3*p + 11. What are the prime factors of q(-4)?
31
Suppose 0 = -2*l + 5*n + 16, -2*n - n - 32 = -4*l. Let c = -4 - -9. Suppose 0 = c*v - 7 - l. What are the prime factors of v?
3
Suppose 5*d - 5 + 25 = 0. Let i = 7 + d. Suppose 39 = 3*z - 2*a, -i*z - 5*a + 21 = -a. List the prime factors of z.
11
Let x = 10 + -7. Let c(p) = p**2 - 4. List the prime factors of c(x).
5
Let j be (-6)/9*3 - -7. Suppose 3*g + 4*p + 10 = j*g, 2*g - 5*p - 12 = 0. List the prime factors of (g + -6)/(3/(-9)).
3, 5
Let i(z) = -z**2 + 5*z - 7. Let u be i(6). Let r = u + 24. What are the prime factors of r?
11
Suppose 2*k - 5*k = -30. Let d = k + -2. List the prime factors of d - (1 + 2/(-2)).
2
Suppose -5*j = -4*z + 405, 4*z = 3*j + 301 + 102. What are the prime factors of z?
2, 5
Suppose -2*k - k + 36 = v, 4*k + 69 = 3*v. Let z be (-3)/(27/6)*-6. Suppose -5*t = -2*s + v, -3*t + 52 = s + z*s. What are the prime factors of s?
11
Let f = -4 + 4. Suppose f = -n + 22 + 18. What are the prime factors of n?
2, 5
What are the prime factors of 3/(-6) + (41/2 - -1)?
3, 7
Let y(g) = -g**2 - 11*g - 13. Suppose 2*l + t = 4*t - 18, -4*t + 36 = -4*l. What are the prime factors of y(l)?
5
Let t = 8 + -3. Suppose 16 = 3*p + t*d, -p = 4*d - 5*d. Suppose 11 = p*x + 1. What are the prime factors of x?
5
Let y be -2*((-15)/6 + 0). Suppose m + 5*d = -y, m = 4*d + 37 - 15. Suppose 2*q = -m, -2*t + 3*q + 43 = 2*t. List the prime factors of t.
7
Suppose 3*w - 3*i + 4 = 19, 5*w - i - 29 = 0. Let l be (-22)/6 - (-4)/w. What are the prime factors of ((-3)/l*-7)/(-1)?
7
What are the prime factors of -2*(-298)/4 + (1 - 1)?
149
Suppose -31 = -2*i + 5*z, -4*i + 0*i + 4*z = -80. What are the prime factors of i?
23
What are the prime factors of (-1)/(3/6) + 86/1?
2, 3, 7
Let h be (-25)/(3/6*-2). Suppose 5*o + h = 0, m = 3*o + o + 32. What are the prime factors of m?
2, 3
Let w(i) = i**3 + 6*i**2 + 6*i + 7. Let x be 14/(-2) - 6/(-3). Let p be w(x). Suppose -k + p*o = -2*o - 1, 2*k - 4*o - 10 = 0. List the prime factors of k.
3
Let d(j) = -6*j + 1 + 0 - 25*j. Let y be d(1). List the prime factors of ((-3)/9)/(2/y).
5
Let o(n) = -n**2 + 6*n + 4. List the prime factors of o(4).
2, 3
Let i = 33 + -31. Suppose 2*q + 16 = 5*n + q, n - 2*q = 5. Suppose 4*u - 97 = -n*p - 0*p, 6 = i*p. What are the prime factors of u?
2, 11
Suppose 0*n - 24 = -4*n. Let p = 25 - n. Suppose -14 = -3*s + p. List the prime factors of s.
11
Suppose 2*x - 41 = -3*a, -a - 4*x - 11 + 38 = 0. Suppose -4*c = -21 - a. What are the prime factors of c?
2
Let y(l) = -l**2 - 8*l + 9. What are the prime factors of y(-8)?
3
Suppose 5*j = -v + 150, v + v - 3*j - 235 = 0. List the prime factors of v.
5
Let f(a) = a**2 - 11*a + 15. Suppose 35 - 5 = 3*i. Let m be f(i). Suppose q = -2*v + 5, -2*q + 6 = m*v - 9. List the prime factors of v.
5
Suppose -4*d - 5*y + 4*y + 187 = 0, -5*d - 3*y + 232 = 0. List the prime factors of d.
47
Let y = 3 - -2. Let r be 15*5/(75/(-6)). List the prime factors of (r/y)/((-2)/10).
2, 3
List the prime factors of ((-206)/6)/(12/(-9) + 1).
103
Let u be ((-25)/(-2))/5*-2. What are the prime factors of 4/10 - 23/u?
5
Suppose -2*z - 440 = -13*z. List the prime factors of z.
2, 5
Let g(u) = -u**3 + 5. Let q be g(0). Suppose 0 = 5*h + 2*w + 3*w - q, -h - 11 = 5*w. Suppose -2*d + 20 - h = 0. What are the prime factors of d?
2
Let x = 21 - 44. Let a = x - -65. What are the prime factors of a?
2, 3, 7
Suppose m = 2 + 2. Suppose d = -m*d. Let v = d - -6. What are the prime factors of v?
2, 3
Let f = 1 - -7. Suppose -i = -0*i - f. What are the prime factors of i?
2
Suppose -2*l + 3*l = 4. Sup